{"id":50,"date":"2020-03-01T16:05:39","date_gmt":"2020-03-01T15:05:39","guid":{"rendered":"http:\/\/aspidites-melanocephalus.com\/?page_id=50"},"modified":"2021-02-03T22:43:34","modified_gmt":"2021-02-03T21:43:34","slug":"contact","status":"publish","type":"page","link":"https:\/\/aspidites-melanocephalus.com\/index.php\/contact\/","title":{"rendered":"Contact"},"content":{"rendered":"<div   data-size='featured'  data-lightbox_size='large'  data-animation='slide'  data-conditional_play=''  data-ids='97'  data-video_counter='0'  data-autoplay='false'  data-bg_slider='false'  data-slide_height=''  data-handle='av_slideshow'  data-interval='5'  data-class=' avia-builder-el-0  el_before_av_one_full  avia-builder-el-first  '  data-el_id=''  data-css_id=''  data-scroll_down=''  data-control_layout='av-control-default'  data-custom_markup=''  data-perma_caption=''  data-autoplay_stopper=''  data-image_attachment=''  data-min_height='0px'  data-default-height='28.666666666667'  class='avia-slideshow avia-slideshow-1  av-control-default av-default-height-applied avia-slideshow-featured av_slideshow  avia-builder-el-0  el_before_av_one_full  avia-builder-el-first   avia-slide-slider '  itemprop=\"image\" itemscope=\"itemscope\" itemtype=\"https:\/\/schema.org\/ImageObject\" ><ul class='avia-slideshow-inner ' style='padding-bottom: 28.666666666667%;' ><li  class=' av-single-slide slide-1 ' ><div data-rel='slideshow-1' class='avia-slide-wrap '   ><img src='https:\/\/aspidites-melanocephalus.com\/wp-content\/uploads\/2020\/03\/Aspidites-melanocephalus-bhp-python-\u00e0-t\u00eate-noire-black-headed-reptile-queensland-1-1500x430.jpg' width='1500' height='430' title='Aspidites-melanocephalus-bhp-python-\u00e0-t\u00eate-noire-black-headed-reptile-queensland-1' alt='Aspidites-melanocephalus-bhp-python-\u00e0-t\u00eate-noire-black-headed-reptile-queensland-'  itemprop=\"thumbnailUrl\"   \/><\/div><\/li><\/ul><\/div>\n<div class=\"flex_column av_one_full  flex_column_div av-zero-column-padding first  avia-builder-el-1  el_after_av_slideshow  avia-builder-el-last  \" style='border-radius:0px; '><section class=\"av_textblock_section \"  itemscope=\"itemscope\" itemtype=\"https:\/\/schema.org\/CreativeWork\" ><div class='avia_textblock  '   itemprop=\"text\" ><p><strong>Vous pouvez nous joindre<br \/>\n<\/strong><\/p>\n<ul>\n<li>Par t\u00e9l\u00e9phone du lundi au samedi 8h00-19h00 au: 06.69.37.92.79<\/li>\n<li>Par mail: info.blattaria@gmail.com<\/li>\n<li>Facebook:<br \/>\n<div  class='avia-button-wrap avia-button-left  avia-builder-el-3  avia-builder-el-no-sibling ' ><a href='https:\/\/www.facebook.com\/BHP.FR\/'  class='avia-button   avia-icon_select-yes-left-icon avia-color-blue avia-size-small avia-position-left '   ><span class='avia_button_icon avia_button_icon_left ' aria-hidden='true' data-av_icon='\ue8f3' data-av_iconfont='entypo-fontello'><\/span><span class='avia_iconbox_title' >BHP.FR<\/span><\/a><\/div><\/li>\n<\/ul>\n<\/div><\/section><\/div>\n","protected":false},"excerpt":{"rendered":"","protected":false},"author":1,"featured_media":0,"parent":0,"menu_order":0,"comment_status":"closed","ping_status":"closed","template":"","meta":[],"_links":{"self":[{"href":"https:\/\/aspidites-melanocephalus.com\/index.php\/wp-json\/wp\/v2\/pages\/50"}],"collection":[{"href":"https:\/\/aspidites-melanocephalus.com\/index.php\/wp-json\/wp\/v2\/pages"}],"about":[{"href":"https:\/\/aspidites-melanocephalus.com\/index.php\/wp-json\/wp\/v2\/types\/page"}],"author":[{"embeddable":true,"href":"https:\/\/aspidites-melanocephalus.com\/index.php\/wp-json\/wp\/v2\/users\/1"}],"replies":[{"embeddable":true,"href":"https:\/\/aspidites-melanocephalus.com\/index.php\/wp-json\/wp\/v2\/comments?post=50"}],"version-history":[{"count":7,"href":"https:\/\/aspidites-melanocephalus.com\/index.php\/wp-json\/wp\/v2\/pages\/50\/revisions"}],"predecessor-version":[{"id":263,"href":"https:\/\/aspidites-melanocephalus.com\/index.php\/wp-json\/wp\/v2\/pages\/50\/revisions\/263"}],"wp:attachment":[{"href":"https:\/\/aspidites-melanocephalus.com\/index.php\/wp-json\/wp\/v2\/media?parent=50"}],"curies":[{"name":"wp","href":"https:\/\/api.w.org\/{rel}","templated":true}]}}