{"id":62,"date":"2020-03-01T16:29:12","date_gmt":"2020-03-01T15:29:12","guid":{"rendered":"http:\/\/aspidites-melanocephalus.com\/?page_id=62"},"modified":"2020-04-17T00:14:58","modified_gmt":"2020-04-16T22:14:58","slug":"queensland-line","status":"publish","type":"page","link":"https:\/\/aspidites-melanocephalus.com\/index.php\/accueil\/queensland-line\/","title":{"rendered":"Queensland line"},"content":{"rendered":"<div   data-size='featured'  data-lightbox_size='large'  data-animation='slide'  data-conditional_play=''  data-ids='98'  data-video_counter='0'  data-autoplay='false'  data-bg_slider='false'  data-slide_height=''  data-handle='av_slideshow'  data-interval='5'  data-class=' avia-builder-el-0  el_before_av_one_full  avia-builder-el-first  '  data-el_id=''  data-css_id=''  data-scroll_down=''  data-control_layout='av-control-default'  data-custom_markup=''  data-perma_caption=''  data-autoplay_stopper=''  data-image_attachment=''  data-min_height='0px'  data-default-height='28.666666666667'  class='avia-slideshow avia-slideshow-1  av-control-default av-default-height-applied avia-slideshow-featured av_slideshow  avia-builder-el-0  el_before_av_one_full  avia-builder-el-first   avia-slide-slider '  itemprop=\"image\" itemscope=\"itemscope\" itemtype=\"https:\/\/schema.org\/ImageObject\" ><ul class='avia-slideshow-inner ' style='padding-bottom: 28.666666666667%;' ><li  class=' av-single-slide slide-1 ' ><div data-rel='slideshow-1' class='avia-slide-wrap '   ><img src='https:\/\/aspidites-melanocephalus.com\/wp-content\/uploads\/2020\/03\/Aspidites-melanocephalus-bhp-python-\u00e0-t\u00eate-noire-black-headed-reptile-queensland-2-1500x430.jpg' width='1500' height='430' title='Aspidites-melanocephalus-bhp-python-\u00e0-t\u00eate-noire-black-headed-reptile-queensland-2' alt='Aspidites-melanocephalus-bhp-python-\u00e0-t\u00eate-noire-black-headed-reptile-queensland-3'  itemprop=\"thumbnailUrl\"   \/><\/div><\/li><\/ul><\/div>\n<div class=\"flex_column av_one_full  flex_column_div av-zero-column-padding first  avia-builder-el-1  el_after_av_slideshow  el_before_av_one_fifth  \" style='border-radius:0px; '><\/div>\n<div class=\"flex_column av_one_fifth  flex_column_div av-zero-column-padding first  avia-builder-el-2  el_after_av_one_full  el_before_av_three_fifth  column-top-margin\" style='border-radius:0px; '><\/div>\n<div class=\"flex_column av_three_fifth  flex_column_div av-zero-column-padding   avia-builder-el-3  el_after_av_one_fifth  el_before_av_one_fifth  column-top-margin\" style='border-radius:0px; '><section class=\"av_textblock_section \"  itemscope=\"itemscope\" itemtype=\"https:\/\/schema.org\/CreativeWork\" ><div class='avia_textblock  '   itemprop=\"text\" ><div id=\"attachment_125\" style=\"width: 470px\" class=\"wp-caption alignnone\"><a href=\"http:\/\/aspidites-melanocephalus.com\/wp-content\/uploads\/2020\/03\/Carte-Australie-aspidites-melanocephalus-pythons-reptiles-black-head-Queensland-.png\"><img aria-describedby=\"caption-attachment-125\" loading=\"lazy\" class=\"wp-image-125\" src=\"http:\/\/aspidites-melanocephalus.com\/wp-content\/uploads\/2020\/03\/Carte-Australie-aspidites-melanocephalus-pythons-reptiles-black-head-Queensland--180x180.png\" alt=\"Carte-Australie-aspidites-melanocephalus-pythons-reptiles-black-head-Queensland-\" width=\"460\" height=\"425\" srcset=\"https:\/\/aspidites-melanocephalus.com\/wp-content\/uploads\/2020\/03\/Carte-Australie-aspidites-melanocephalus-pythons-reptiles-black-head-Queensland--300x277.png 300w, https:\/\/aspidites-melanocephalus.com\/wp-content\/uploads\/2020\/03\/Carte-Australie-aspidites-melanocephalus-pythons-reptiles-black-head-Queensland--768x709.png 768w, https:\/\/aspidites-melanocephalus.com\/wp-content\/uploads\/2020\/03\/Carte-Australie-aspidites-melanocephalus-pythons-reptiles-black-head-Queensland--705x651.png 705w, https:\/\/aspidites-melanocephalus.com\/wp-content\/uploads\/2020\/03\/Carte-Australie-aspidites-melanocephalus-pythons-reptiles-black-head-Queensland-.png 780w\" sizes=\"(max-width: 460px) 100vw, 460px\" \/><\/a><p id=\"caption-attachment-125\" class=\"wp-caption-text\">Australie<\/p><\/div>\n<\/div><\/section><\/div>\n<div class=\"flex_column av_one_fifth  flex_column_div av-zero-column-padding   avia-builder-el-5  el_after_av_three_fifth  el_before_av_two_third  column-top-margin\" style='border-radius:0px; '><\/div>\n<div class=\"flex_column av_two_third  flex_column_div av-zero-column-padding first  avia-builder-el-6  el_after_av_one_fifth  el_before_av_one_third  column-top-margin\" style='border-radius:0px; '><section class=\"av_textblock_section \"  itemscope=\"itemscope\" itemtype=\"https:\/\/schema.org\/CreativeWork\" ><div class='avia_textblock  '   itemprop=\"text\" ><p>J&rsquo;ai le plaisir de vous pr\u00e9senter ici la lign\u00e9e \u00ab\u00a0Queensland\u00a0\u00bb cette localit\u00e9 se rencontre sur les terres au Nord-Est de l&rsquo;Australie.<br \/>\nJ&rsquo;ai eu la chance d\u2019acqu\u00e9rir en 2010 mon premier couple F2 avec lequel j&rsquo;ai donn\u00e9 vie \u00e0 mon projet.<br \/>\nCes individus sont les plus grands de l&rsquo;aire de r\u00e9partition et aussi les plus imposants. Adultes ils sont g\u00e9n\u00e9ralement assez sombres, peu contrast\u00e9s avec une robe couleur terre tirant sur le marron. Un adulte peut peser plus de 10kg sans \u00eatre en surpoids pour des tailles aux alentours des 3 m\u00e8tres.\u00a0 Je vous pr\u00e9sente le m\u00e2le initialement s\u00e9lectionn\u00e9 pour la lign\u00e9e, le plus vieux reproducteur \u00e0 l&rsquo;\u00e9levage.<\/p>\n<\/div><\/section><\/div>\n<div class=\"flex_column av_one_third  flex_column_div av-zero-column-padding   avia-builder-el-8  el_after_av_two_third  el_before_av_heading  column-top-margin\" style='border-radius:0px; '><section class=\"av_textblock_section \"  itemscope=\"itemscope\" itemtype=\"https:\/\/schema.org\/CreativeWork\" ><div class='avia_textblock  '   itemprop=\"text\" ><div id=\"attachment_129\" style=\"width: 730px\" class=\"wp-caption alignnone\"><a href=\"http:\/\/aspidites-melanocephalus.com\/wp-content\/uploads\/2020\/03\/Aspidites-melanocephalus-queensland-bhp-black-head-python.jpg\"><img aria-describedby=\"caption-attachment-129\" loading=\"lazy\" class=\"wp-image-129 size-full\" src=\"http:\/\/aspidites-melanocephalus.com\/wp-content\/uploads\/2020\/03\/Aspidites-melanocephalus-queensland-bhp-black-head-python.jpg\" alt=\"Aspidites-melanocephalus-queensland-bhp-black-head-python\" width=\"720\" height=\"960\" srcset=\"https:\/\/aspidites-melanocephalus.com\/wp-content\/uploads\/2020\/03\/Aspidites-melanocephalus-queensland-bhp-black-head-python.jpg 720w, https:\/\/aspidites-melanocephalus.com\/wp-content\/uploads\/2020\/03\/Aspidites-melanocephalus-queensland-bhp-black-head-python-225x300.jpg 225w, https:\/\/aspidites-melanocephalus.com\/wp-content\/uploads\/2020\/03\/Aspidites-melanocephalus-queensland-bhp-black-head-python-529x705.jpg 529w\" sizes=\"(max-width: 720px) 100vw, 720px\" \/><\/a><p id=\"caption-attachment-129\" class=\"wp-caption-text\">Aspidites melanocephalus \u00ab\u00a0Queensland\u00a0\u00bb F2 m\u00e2le reproducteur<\/p><\/div>\n<\/div><\/section><\/div>\n<div  style='padding-bottom:10px; ' class='av-special-heading av-special-heading-h3    avia-builder-el-10  el_after_av_one_third  el_before_av_slideshow  '><h3 class='av-special-heading-tag '  itemprop=\"headline\"  >R\u00e9trospective <\/h3><div class='special-heading-border'><div class='special-heading-inner-border' ><\/div><\/div><\/div>\n<div   data-size='featured'  data-lightbox_size='large'  data-animation='slide'  data-conditional_play=''  data-ids='106'  data-video_counter='0'  data-autoplay='false'  data-bg_slider='false'  data-slide_height=''  data-handle='av_slideshow'  data-interval='5'  data-class=' avia-builder-el-11  el_after_av_heading  el_before_av_textblock  '  data-el_id=''  data-css_id=''  data-scroll_down=''  data-control_layout='av-control-default'  data-custom_markup=''  data-perma_caption=''  data-autoplay_stopper=''  data-image_attachment=''  data-min_height='0px'  data-default-height='28.666666666667'  class='avia-slideshow avia-slideshow-2  av-control-default av-default-height-applied avia-slideshow-featured av_slideshow  avia-builder-el-11  el_after_av_heading  el_before_av_textblock   avia-slide-slider '  itemprop=\"image\" itemscope=\"itemscope\" itemtype=\"https:\/\/schema.org\/ImageObject\" ><ul class='avia-slideshow-inner ' style='padding-bottom: 28.666666666667%;' ><li  class=' av-single-slide slide-1 ' ><div data-rel='slideshow-2' class='avia-slide-wrap '   ><img src='https:\/\/aspidites-melanocephalus.com\/wp-content\/uploads\/2020\/03\/Aspidites-melanocephalus-bhp-python-\u00e0-t\u00eate-noire-black-headed-reptile-queensland-qld-1-1500x430.jpg' width='1500' height='430' title='Aspidites-melanocephalus-bhp-python-\u00e0-t\u00eate-noire-black-headed-reptile-queensland-qld-1' alt='Aspidites-melanocephalus-bhp-python-\u00e0-t\u00eate-noire-black-headed-reptile-queensland-qld-'  itemprop=\"thumbnailUrl\"   \/><\/div><\/li><\/ul><\/div>\n<section class=\"av_textblock_section \"  itemscope=\"itemscope\" itemtype=\"https:\/\/schema.org\/CreativeWork\" ><div class='avia_textblock  '   itemprop=\"text\" ><p>Mon exp\u00e9rience d&rsquo;\u00e9levage avec les <em>Aspidites melanocephalus<\/em> a d\u00e9but\u00e9 dans les ann\u00e9es 2010 en acqu\u00e9rant mon premier couple pr\u00e9cis\u00e9ment de forme Queensland et cela n&rsquo;a pas \u00e9t\u00e9 d\u00fb au hasard. De nature obstin\u00e9, je n&rsquo;arrivais pas \u00e0 m\u2019\u00f4ter l&rsquo;id\u00e9e d\u2019acqu\u00e9rir une localit\u00e9 Queensland qui pour moi \u00e9tait le Saint Graal avec sa taille majestueuse. Mon regarde c&rsquo;est dirig\u00e9 naturellement sur l&rsquo;Australie. Je me suis abreuv\u00e9 des travaux d&rsquo;\u00e9leveurs qui m&rsquo;ont inspir\u00e9 et enseign\u00e9 l&rsquo;humilit\u00e9. J&rsquo;esp\u00e8re leur rendre hommage en transmettant \u00e0 mon tour. Le python \u00e0 t\u00eate noire, le genre Aspidites est d&rsquo;une diversit\u00e9 remarquable que nous devrions ch\u00e9rir comme nous devons ch\u00e9rir l&rsquo;ensemble du vivant.<\/p>\n<p>Voyant cette forme sous repr\u00e9sent\u00e9e voire inexistante en Europe ( elle n&rsquo;est \u00e9videment pas la seule) et ignor\u00e9e par les \u00e9leveurs, m\u00eame pour les plus connus d&rsquo;entre eux, l&rsquo;id\u00e9e de la voir d\u00e9cliner et s&rsquo;\u00e9teindre m&rsquo;\u00e9tait insupportable. Sc\u00e9nario malheureusement r\u00e9aliste puisque comme tout le monde le sait les importations d&rsquo;Australie sont bannis et le resteront. Le contexte actuel et les r\u00e9centes catastrophes \u00e9cologiques ne font que renforcer les dispositifs contraignants d\u00e9j\u00e0 pr\u00e9sents. Nous devons donc prendre le plus grand soin de ce patrimoine g\u00e9n\u00e9tiques, nous les Europ\u00e9ens et adopter une logique de conservation d&rsquo;urgence.<br \/>\nL&rsquo;\u00e9quation est simple, nous sommes avec un pool g\u00e9n\u00e9tique de d\u00e9part extr\u00eamement r\u00e9duit (encore plus pour le Queensland) et nous ne contr\u00f4lons pas les reproductions de fa\u00e7on \u00e0 conserver les lign\u00e9es, nous produisons en roues libres au mieux des hybrides entre localit\u00e9s au pire nous fixons des g\u00e8nes qui poseront probl\u00e8me t\u00f4t ou tard. C&rsquo;est une situation clairement de catastrophique pour l&rsquo;avenir.<\/p>\n<p>La localit\u00e9 Queensland n&rsquo;a pas \u00e9t\u00e9 sciemment ignor\u00e9e des acteurs, quoique. Pour moi il y a deux explications clairs.<br \/>\nLa premi\u00e8re s&rsquo;explique simplement par l&rsquo;ignorance et le manque de documentations. J&rsquo;ai \u00e9t\u00e9 surpris de constater durant ces derni\u00e8res ann\u00e9es ( le ph\u00e9nom\u00e8ne tend n\u00e9anmoins \u00e0 se r\u00e9duire ) que les \u00e9leveurs ignoraient tout simplement l&rsquo;existence de localit\u00e9s distinctes et de l&rsquo;int\u00e9r\u00eat donc de les pr\u00e9server, soit.<br \/>\nLa seconde explication plus grave est le focus syst\u00e9mique sur les mutations g\u00e9n\u00e9tiques dites \u00ab\u00a0classiques \u00a0\u00bb pr\u00e9sentes sur le march\u00e9 que l&rsquo;on connait tous. La s\u00e9lection des \u00ab\u00a0phases\u00a0\u00bb ou s\u00e9lections ph\u00e9notypiques uniquement sur le crit\u00e8re de la couleur \u00e0 tout prix, quitte \u00e0 sacrifier la diversit\u00e9 g\u00e9n\u00e9tique. La cons\u00e9quence est la d\u00e9pression constante et irr\u00e9versible des h\u00e9t\u00e9rozygoties. Nous y reviendront plus tard dans un autre chapitre.<\/p>\n<p>Il \u00e9tait pour moi devenu \u00e9vident de lancer de toute urgence un programme d&rsquo;\u00e9levage pour la conservation des pools g\u00e9n\u00e9tiques \u00ab\u00a0Queensland\u00a0\u00bb chez <em>Aspidites melanocephalus<\/em>.<\/p>\n<\/div><\/section>\n","protected":false},"excerpt":{"rendered":"","protected":false},"author":1,"featured_media":0,"parent":32,"menu_order":3,"comment_status":"closed","ping_status":"closed","template":"","meta":[],"_links":{"self":[{"href":"https:\/\/aspidites-melanocephalus.com\/index.php\/wp-json\/wp\/v2\/pages\/62"}],"collection":[{"href":"https:\/\/aspidites-melanocephalus.com\/index.php\/wp-json\/wp\/v2\/pages"}],"about":[{"href":"https:\/\/aspidites-melanocephalus.com\/index.php\/wp-json\/wp\/v2\/types\/page"}],"author":[{"embeddable":true,"href":"https:\/\/aspidites-melanocephalus.com\/index.php\/wp-json\/wp\/v2\/users\/1"}],"replies":[{"embeddable":true,"href":"https:\/\/aspidites-melanocephalus.com\/index.php\/wp-json\/wp\/v2\/comments?post=62"}],"version-history":[{"count":20,"href":"https:\/\/aspidites-melanocephalus.com\/index.php\/wp-json\/wp\/v2\/pages\/62\/revisions"}],"predecessor-version":[{"id":213,"href":"https:\/\/aspidites-melanocephalus.com\/index.php\/wp-json\/wp\/v2\/pages\/62\/revisions\/213"}],"up":[{"embeddable":true,"href":"https:\/\/aspidites-melanocephalus.com\/index.php\/wp-json\/wp\/v2\/pages\/32"}],"wp:attachment":[{"href":"https:\/\/aspidites-melanocephalus.com\/index.php\/wp-json\/wp\/v2\/media?parent=62"}],"curies":[{"name":"wp","href":"https:\/\/api.w.org\/{rel}","templated":true}]}}